{"id":94,"date":"2024-07-25T09:33:05","date_gmt":"2024-07-25T09:33:05","guid":{"rendered":"http:\/\/tienda.noropal.es\/aviso-legal\/"},"modified":"2024-07-25T09:33:14","modified_gmt":"2024-07-25T09:33:14","slug":"aviso-legal","status":"publish","type":"page","link":"https:\/\/noropal.es\/home\/aviso-legal\/","title":{"rendered":"Aviso Legal"},"content":{"rendered":"\t\t<div data-elementor-type=\"wp-page\" data-elementor-id=\"94\" class=\"elementor elementor-94\" data-elementor-post-type=\"page\">\n\t\t\t\t\t\t<section class=\"elementor-section elementor-top-section elementor-element elementor-element-593ce945 elementor-section-boxed elementor-section-height-default elementor-section-height-default\" data-id=\"593ce945\" data-element_type=\"section\">\n\t\t\t\t\t\t<div class=\"elementor-container elementor-column-gap-default\">\n\t\t\t\t\t<div class=\"elementor-column elementor-col-100 elementor-top-column elementor-element elementor-element-1c395eee\" data-id=\"1c395eee\" data-element_type=\"column\">\n\t\t\t<div class=\"elementor-widget-wrap elementor-element-populated\">\n\t\t\t\t\t\t<div class=\"elementor-element elementor-element-65a49e5d elementor-widget elementor-widget-heading\" data-id=\"65a49e5d\" data-element_type=\"widget\" data-widget_type=\"heading.default\">\n\t\t\t\t<div class=\"elementor-widget-container\">\n\t\t\t\t\t<h2 class=\"elementor-heading-title elementor-size-default\">Aviso Legal<\/h2>\t\t\t\t<\/div>\n\t\t\t\t<\/div>\n\t\t\t\t<div class=\"elementor-element elementor-element-6c4e2db1 elementor-widget elementor-widget-text-editor\" data-id=\"6c4e2db1\" data-element_type=\"widget\" data-widget_type=\"text-editor.default\">\n\t\t\t\t<div class=\"elementor-widget-container\">\n\t\t\t\t\t\t\t\t\t<div align=\"justify\"><p><span class=\"Estilo3\"><b>En cumplimiento del art\u00edculo 10 de la Ley 34\/2002, de 11 de Julio, de Servicios de la Sociedad de la Informaci\u00f3n y Comercio Electr\u00f3nico, a continuaci\u00f3n se exponen nuestros datos:<br \/><br \/>NOROPAL S.L.<br \/>www.noropal.com<br \/>CIF: B-34146696<br \/>Domicilio:\u00a0\u00a0C\/ Doctor Cajal 1 &#8211; 34001 &#8211;\u00a0PALENCIA<br \/>Telf: 979 692 352 \/ 606 600 262<br \/>e-mail: ventas@noropal.com<br \/><br \/>Inscrita en el Registro Mercantil de Palencia, tomo 252, folio 76, hoja n\u00ba P1674, inscripci\u00f3n tercera.<br \/><br \/><br \/><br \/>CONDICIONES DE UTILIZACI\u00d3N<br \/><\/b><br \/><\/span><\/p><p align=\"justify\"><b>Estas son las condiciones de utilizaci\u00f3n del sitio web:<\/b><\/p><p>\u00a0<\/p><p align=\"justify\"><b>La utilizaci\u00f3n de la p\u00e1gina web implica la aceptaci\u00f3n plena y sin reservas de todas y cada una de las disposiciones incluidas en este Aviso Legal en la versi\u00f3n publicada por NOROPAL S.L. en el momento mismo en que el usuario acceda a la p\u00e1gina. En consecuencia, el usuario debe leer atentamente el presente Aviso Legal.<\/b><\/p><p>\u00a0<\/p><div align=\"justify\"><ol><li><b>NOROPAL S.L. podr\u00e1 modificar o actualizar, sin previo aviso, la informaci\u00f3n contenida en su sitio web, as\u00ed como su configuraci\u00f3n, presentaci\u00f3n y condiciones de acceso.<\/b><\/li><li><b>NOROPAL S.L. no garantiza la inexistencia de interrupciones o errores en el acceso al web, en su contenido, ni que \u00e9ste se encuentre actualizado, aunque desarrollar\u00e1 sus mayores esfuerzos para, en su caso, evitarlos, subsanarlos o actualizarlos. No obstante, NOROPAL S.L. se encuentra alojado en los servidores de 1&amp;1 Internet Espa\u00f1a SLU que son, en \u00faltimo t\u00e9rmino, los responsables de su correcto funcionamiento.<\/b><\/li><li><b>El usuario se compromete a utilizar la p\u00e1gina web de conformidad con la ley y el presente Aviso Legal, as\u00ed como con la moral y las buenas costumbres generalmente aceptadas y el orden p\u00fablico.<\/b><\/li><li><b>NOROPAL S.L. garantiza que todos los contenidos y servicios que se ofrecen en su web respetan el principio de dignidad de la persona, el principio de no-discriminaci\u00f3n por motivos de raza, sexo, religi\u00f3n, opini\u00f3n, nacionalidad, discapacidad o cualquier otra circunstancia personal y social, as\u00ed como el principio de protecci\u00f3n de la juventud y de la infancia.<\/b><\/li><li><b>NOROPAL S.L. se compromete, a trav\u00e9s de este medio, a NO REALIZAR PUBLICIDAD ENGA\u00d1OSA. No ser\u00e1n considerados como publicidad enga\u00f1osa los errores formales o num\u00e9ricos que puedan encontrarse a lo largo del contenido de las distintas secciones de la web. NOROPAL S.L. se compromete a corregirlo tan pronto como tenga conocimiento de dichos errores.<\/b><\/li><li><b>NOROPAL S.L. se compromete a NO REMITIR COMUNICACIONES COMERCIALES SIN IDENTIFICARLAS COMO TALES, conforme a lo dispuesto en la Ley 34\/2002 de Servicios de la Sociedad de la Informaci\u00f3n y de Comercio Electr\u00f3nico.<\/b><\/li><li><b>No ser\u00e1 considerado como comunicaci\u00f3n comercial toda la informaci\u00f3n que se env\u00ede a los usuarios siempre que tenga por finalidad el mantenimiento de la relaci\u00f3n existente entre el usuario y NOROPAL S.L., as\u00ed como el desempe\u00f1o de tareas de informaci\u00f3n y otras actividades propias de los servicios a los que el usuario tiene acceso en este sitio web.<\/b><\/li><li><b>Tanto el acceso a esta web como el uso que pueda hacerse de la informaci\u00f3n contenida en la misma es de la exclusiva responsabilidad de quien lo realiza. NOROPAL S.L. no responder\u00e1 de ninguna consecuencia, da\u00f1o o perjuicio que pudieran derivarse de dicho acceso o uso de la informaci\u00f3n. NOROPAL S.L. no se hace responsable de los posibles errores de seguridad que se puedan producir ni de los posibles da\u00f1os que puedan causarse al sistema inform\u00e1tico del usuario (hardware y software), los ficheros o documentos almacenados en el mismo, como consecuencia de la presencia de virus en el ordenador del usuario utilizado para la conexi\u00f3n a los servicios y contenidos de la web, de un mal funcionamiento del navegador o del uso de versiones no actualizadas del mismo.<\/b><\/li><li><b>Todo enlace a terceros de esta web debe serlo a su p\u00e1gina principal o de entrada. Los sitios web disponibles a trav\u00e9s de dichos enlaces y el material que pueda encontrarse ah\u00ed no est\u00e1n bajo el control de NOROPAL S.L.. Por consiguiente, NOROPAL S.L. no es responsable de la disponibilidad de dichos sitios web externos o recursos. El hecho de que NOROPAL S.L. ponga a disposici\u00f3n del usuario dichos enlaces no supone una aprobaci\u00f3n o recomendaci\u00f3n por parte de NOROPAL S.L.de dichos sitios web o de responsabilidad de su contenido, publicidad, productos u otros materiales. NOROPAL S.L. s\u00f3lo proporciona dichos enlaces para la comodidad e informaci\u00f3n del usuario.<\/b><\/li><li><b>NOROPAL S.L. y el usuario, con renuncia expresa o cualquier otro fuero, se someten al de los juzgados y tribunales de la ciudad de Palencia (Espa\u00f1a) para cualquier controversia que pudiera derivarse del acceso a esta web.<\/b><\/li><li><b>NOROPAL S.L. utiliza &#8220;cookies&#8221; en su p\u00e1gina; la navegaci\u00f3n por la web es an\u00f3nima y \u00fanicamente se registra informaci\u00f3n sobre el n\u00famero de visitas, horas, etc. en los ficheros hist\u00f3ricos o logs con fines exclusivamente estad\u00edsticos.<\/b><\/li><li><p><b>PROTECCI\u00d3N DE DATOS PERSONALES<\/b><\/p><p>\u00a0<\/p><p><b><i>De acuerdo con lo establecido en el Reglamento UE 2016\/679 (RGPD) y en la Ley Org\u00e1nica 3\/2018, de Protecci\u00f3n de Datos Personales y Garant\u00eda de Derechos Digitales (LOPDGDD), le informamos que en este sitio Web SE RECOGEN DATOS PERSONALES que pasar\u00e1n a formar parte de un tratamiento del que es responsable NOROPAL, S.L., cuya finalidad es la de responder a consultas realizadas, la del env\u00edo de presupuestos e informaci\u00f3n solicitados, as\u00ed como el\u00a0\u00a0env\u00edo de comunicaciones comerciales y promocionales de nuestros productos, siendo su base legitimadora el consentimiento otorgado por usted.<\/i><\/b><\/p><p><b><i>\u00a0<\/i><\/b><\/p><p><b><i>Sus datos no se ceder\u00e1n a terceros sin su consentimiento, salvo que exista obligaci\u00f3n legal; ni se tomar\u00e1n decisiones automatizadas.<\/i><\/b><\/p><p><b><i>\u00a0<\/i><\/b><\/p><p><b><i>As\u00ed mismo, sus datos se conservar\u00e1n mientras no revoque su consentimiento, o haya obligaci\u00f3n legal.<\/i><\/b><\/p><p><b><i>\u00a0<\/i><\/b><\/p><p><b><i>Podr\u00e1 ejercer los derechos de acceso, rectificaci\u00f3n, supresi\u00f3n, oposici\u00f3n, limitaci\u00f3n del tratamiento, portabilidad de sus datos, as\u00ed como revocar el consentimiento otorgado, enviando un escrito a NOROPAL, S.L., C\/ Doctor Cajal, 1 \u2013 34001 Palencia, o enviar correo electr\u00f3nico a ventas@noropal.com, adjuntando fotocopia de su DNI, o documento oficial acreditativo.<\/i><\/b><\/p><p><b><i>\u00a0<\/i><\/b><\/p><p><b><i>Adem\u00e1s, en caso de no ver atendidos sus derechos, podr\u00e1 presentar una reclamaci\u00f3n ante la Autoridad de Control, la Agencia Espa\u00f1ola de Protecci\u00f3n de Datos, www.aepd.es.<\/i><\/b><\/p><p>\u00a0<\/p><b><\/b><i><\/i><\/li><\/ol><\/div><\/div><h2>\u00a0<\/h2><h4>Informaci\u00f3n relacionada con la resoluci\u00f3n de disputa en l\u00ednea del Art. 14, p\u00e1rr. 1 del ODR (Regulaci\u00f3n de resoluci\u00f3n de disputa en l\u00ednea):<\/h4><p>La Comisi\u00f3n Europea ofrece a los consumidores la oportunidad de resolver disputas en l\u00ednea conforme al Art. 14, p\u00e1rr. 1 del ODR en una de sus plataformas. La plataforma (<a href=\"http:\/\/ec.europa.eu\/consumers\/odr\" target=\"_blank\" rel=\"nofollow noopener\">http:\/\/ec.europa.eu\/consumers\/odr<\/a>) sirve como web en la que los consumidores pueden intentar llegar a acuerdos sin ir a juicio relacionados con las disputas que surjan en las compras y contratos de servicios en l\u00ednea.<\/p>\t\t\t\t\t\t\t\t<\/div>\n\t\t\t\t<\/div>\n\t\t\t\t\t<\/div>\n\t\t<\/div>\n\t\t\t\t\t<\/div>\n\t\t<\/section>\n\t\t\t\t<\/div>\n\t\t","protected":false},"excerpt":{"rendered":"<p>En cumplimiento del art\u00edculo 10 de la Ley 34\/2002, de 11 de Julio, de Servicios de la Sociedad de la Informaci\u00f3n y Comercio Electr\u00f3nico, a continuaci\u00f3n se exponen nuestros datos: NOROPAL S.L.www.noropal.comCIF: B-34146696Domicilio:\u00a0\u00a0C\/ Doctor Cajal 1 &#8211; 34001 &#8211;\u00a0PALENCIATelf: 979 692 352 \/ 606 600 262e-mail: ventas@noropal.com Inscrita en el Registro Mercantil de Palencia, tomo [&hellip;]<\/p>\n","protected":false},"author":1,"featured_media":0,"parent":0,"menu_order":0,"comment_status":"closed","ping_status":"closed","template":"","meta":{"footnotes":""},"class_list":["post-94","page","type-page","status-publish","hentry"],"yoast_head":"<!-- This site is optimized with the Yoast SEO plugin v25.6 - https:\/\/yoast.com\/wordpress\/plugins\/seo\/ -->\n<title>Aviso Legal - Noropal<\/title>\n<meta name=\"robots\" content=\"index, follow, max-snippet:-1, max-image-preview:large, max-video-preview:-1\" \/>\n<link rel=\"canonical\" href=\"https:\/\/noropal.es\/home\/aviso-legal\/\" \/>\n<meta property=\"og:locale\" content=\"es_ES\" \/>\n<meta property=\"og:type\" content=\"article\" \/>\n<meta property=\"og:title\" content=\"Aviso Legal - Noropal\" \/>\n<meta property=\"og:description\" content=\"En cumplimiento del art\u00edculo 10 de la Ley 34\/2002, de 11 de Julio, de Servicios de la Sociedad de la Informaci\u00f3n y Comercio Electr\u00f3nico, a continuaci\u00f3n se exponen nuestros datos: NOROPAL S.L.www.noropal.comCIF: B-34146696Domicilio:\u00a0\u00a0C\/ Doctor Cajal 1 &#8211; 34001 &#8211;\u00a0PALENCIATelf: 979 692 352 \/ 606 600 262e-mail: ventas@noropal.com Inscrita en el Registro Mercantil de Palencia, tomo [&hellip;]\" \/>\n<meta property=\"og:url\" content=\"https:\/\/noropal.es\/home\/aviso-legal\/\" \/>\n<meta property=\"og:site_name\" content=\"Noropal\" \/>\n<meta property=\"article:modified_time\" content=\"2024-07-25T09:33:14+00:00\" \/>\n<meta name=\"twitter:card\" content=\"summary_large_image\" \/>\n<meta name=\"twitter:label1\" content=\"Tiempo de lectura\" \/>\n\t<meta name=\"twitter:data1\" content=\"6 minutos\" \/>\n<script type=\"application\/ld+json\" class=\"yoast-schema-graph\">{\"@context\":\"https:\/\/schema.org\",\"@graph\":[{\"@type\":\"WebPage\",\"@id\":\"https:\/\/noropal.es\/home\/aviso-legal\/\",\"url\":\"https:\/\/noropal.es\/home\/aviso-legal\/\",\"name\":\"Aviso Legal - Noropal\",\"isPartOf\":{\"@id\":\"https:\/\/noropal.es\/home\/#website\"},\"datePublished\":\"2024-07-25T09:33:05+00:00\",\"dateModified\":\"2024-07-25T09:33:14+00:00\",\"breadcrumb\":{\"@id\":\"https:\/\/noropal.es\/home\/aviso-legal\/#breadcrumb\"},\"inLanguage\":\"es\",\"potentialAction\":[{\"@type\":\"ReadAction\",\"target\":[\"https:\/\/noropal.es\/home\/aviso-legal\/\"]}]},{\"@type\":\"BreadcrumbList\",\"@id\":\"https:\/\/noropal.es\/home\/aviso-legal\/#breadcrumb\",\"itemListElement\":[{\"@type\":\"ListItem\",\"position\":1,\"name\":\"Portada\",\"item\":\"https:\/\/noropal.es\/home\/\"},{\"@type\":\"ListItem\",\"position\":2,\"name\":\"Aviso Legal\"}]},{\"@type\":\"WebSite\",\"@id\":\"https:\/\/noropal.es\/home\/#website\",\"url\":\"https:\/\/noropal.es\/home\/\",\"name\":\"Noropal\",\"description\":\"Descubre accesorios y recambios de alta calidad para relojes en Palencia. Atendemos a joyer\u00edas y clientes individuales, con env\u00edo r\u00e1pido.\",\"publisher\":{\"@id\":\"https:\/\/noropal.es\/home\/#organization\"},\"potentialAction\":[{\"@type\":\"SearchAction\",\"target\":{\"@type\":\"EntryPoint\",\"urlTemplate\":\"https:\/\/noropal.es\/home\/?s={search_term_string}\"},\"query-input\":{\"@type\":\"PropertyValueSpecification\",\"valueRequired\":true,\"valueName\":\"search_term_string\"}}],\"inLanguage\":\"es\"},{\"@type\":\"Organization\",\"@id\":\"https:\/\/noropal.es\/home\/#organization\",\"name\":\"Noropal\",\"url\":\"https:\/\/noropal.es\/home\/\",\"logo\":{\"@type\":\"ImageObject\",\"inLanguage\":\"es\",\"@id\":\"https:\/\/noropal.es\/home\/#\/schema\/logo\/image\/\",\"url\":\"https:\/\/noropal.es\/wp-content\/uploads\/2024\/07\/Noropal-removebg-preview-e1721900256892.png\",\"contentUrl\":\"https:\/\/noropal.es\/wp-content\/uploads\/2024\/07\/Noropal-removebg-preview-e1721900256892.png\",\"width\":500,\"height\":71,\"caption\":\"Noropal\"},\"image\":{\"@id\":\"https:\/\/noropal.es\/home\/#\/schema\/logo\/image\/\"}}]}<\/script>\n<!-- \/ Yoast SEO plugin. -->","yoast_head_json":{"title":"Aviso Legal - Noropal","robots":{"index":"index","follow":"follow","max-snippet":"max-snippet:-1","max-image-preview":"max-image-preview:large","max-video-preview":"max-video-preview:-1"},"canonical":"https:\/\/noropal.es\/home\/aviso-legal\/","og_locale":"es_ES","og_type":"article","og_title":"Aviso Legal - Noropal","og_description":"En cumplimiento del art\u00edculo 10 de la Ley 34\/2002, de 11 de Julio, de Servicios de la Sociedad de la Informaci\u00f3n y Comercio Electr\u00f3nico, a continuaci\u00f3n se exponen nuestros datos: NOROPAL S.L.www.noropal.comCIF: B-34146696Domicilio:\u00a0\u00a0C\/ Doctor Cajal 1 &#8211; 34001 &#8211;\u00a0PALENCIATelf: 979 692 352 \/ 606 600 262e-mail: ventas@noropal.com Inscrita en el Registro Mercantil de Palencia, tomo [&hellip;]","og_url":"https:\/\/noropal.es\/home\/aviso-legal\/","og_site_name":"Noropal","article_modified_time":"2024-07-25T09:33:14+00:00","twitter_card":"summary_large_image","twitter_misc":{"Tiempo de lectura":"6 minutos"},"schema":{"@context":"https:\/\/schema.org","@graph":[{"@type":"WebPage","@id":"https:\/\/noropal.es\/home\/aviso-legal\/","url":"https:\/\/noropal.es\/home\/aviso-legal\/","name":"Aviso Legal - Noropal","isPartOf":{"@id":"https:\/\/noropal.es\/home\/#website"},"datePublished":"2024-07-25T09:33:05+00:00","dateModified":"2024-07-25T09:33:14+00:00","breadcrumb":{"@id":"https:\/\/noropal.es\/home\/aviso-legal\/#breadcrumb"},"inLanguage":"es","potentialAction":[{"@type":"ReadAction","target":["https:\/\/noropal.es\/home\/aviso-legal\/"]}]},{"@type":"BreadcrumbList","@id":"https:\/\/noropal.es\/home\/aviso-legal\/#breadcrumb","itemListElement":[{"@type":"ListItem","position":1,"name":"Portada","item":"https:\/\/noropal.es\/home\/"},{"@type":"ListItem","position":2,"name":"Aviso Legal"}]},{"@type":"WebSite","@id":"https:\/\/noropal.es\/home\/#website","url":"https:\/\/noropal.es\/home\/","name":"Noropal","description":"Descubre accesorios y recambios de alta calidad para relojes en Palencia. Atendemos a joyer\u00edas y clientes individuales, con env\u00edo r\u00e1pido.","publisher":{"@id":"https:\/\/noropal.es\/home\/#organization"},"potentialAction":[{"@type":"SearchAction","target":{"@type":"EntryPoint","urlTemplate":"https:\/\/noropal.es\/home\/?s={search_term_string}"},"query-input":{"@type":"PropertyValueSpecification","valueRequired":true,"valueName":"search_term_string"}}],"inLanguage":"es"},{"@type":"Organization","@id":"https:\/\/noropal.es\/home\/#organization","name":"Noropal","url":"https:\/\/noropal.es\/home\/","logo":{"@type":"ImageObject","inLanguage":"es","@id":"https:\/\/noropal.es\/home\/#\/schema\/logo\/image\/","url":"https:\/\/noropal.es\/wp-content\/uploads\/2024\/07\/Noropal-removebg-preview-e1721900256892.png","contentUrl":"https:\/\/noropal.es\/wp-content\/uploads\/2024\/07\/Noropal-removebg-preview-e1721900256892.png","width":500,"height":71,"caption":"Noropal"},"image":{"@id":"https:\/\/noropal.es\/home\/#\/schema\/logo\/image\/"}}]}},"_links":{"self":[{"href":"https:\/\/noropal.es\/home\/wp-json\/wp\/v2\/pages\/94","targetHints":{"allow":["GET"]}}],"collection":[{"href":"https:\/\/noropal.es\/home\/wp-json\/wp\/v2\/pages"}],"about":[{"href":"https:\/\/noropal.es\/home\/wp-json\/wp\/v2\/types\/page"}],"author":[{"embeddable":true,"href":"https:\/\/noropal.es\/home\/wp-json\/wp\/v2\/users\/1"}],"replies":[{"embeddable":true,"href":"https:\/\/noropal.es\/home\/wp-json\/wp\/v2\/comments?post=94"}],"version-history":[{"count":0,"href":"https:\/\/noropal.es\/home\/wp-json\/wp\/v2\/pages\/94\/revisions"}],"wp:attachment":[{"href":"https:\/\/noropal.es\/home\/wp-json\/wp\/v2\/media?parent=94"}],"curies":[{"name":"wp","href":"https:\/\/api.w.org\/{rel}","templated":true}]}}