{"id":7100,"date":"2024-09-26T07:31:02","date_gmt":"2024-09-26T07:31:02","guid":{"rendered":"http:\/\/tienda.noropal.es\/home\/producto\/pasadores-2-asas-1-3%e2%88%9ao-6mm\/"},"modified":"2026-05-10T21:10:48","modified_gmt":"2026-05-10T21:10:48","slug":"pasadores-2-asas-1-3%e2%88%9ao-6mm","status":"publish","type":"product","link":"https:\/\/noropal.es\/home\/producto\/pasadores-2-asas-1-3%e2%88%9ao-6mm\/","title":{"rendered":"Pasadores 2 Asas 1.30 6Mm"},"content":{"rendered":"<p>630-130-06<\/p>\n","protected":false},"excerpt":{"rendered":"<p>630-130-06<\/p>\n","protected":false},"featured_media":7101,"template":"","meta":[],"product_brand":[],"product_cat":[154,155],"product_tag":[28],"class_list":{"0":"post-7100","1":"product","2":"type-product","3":"status-publish","4":"has-post-thumbnail","6":"product_cat-pasadores","7":"product_cat-pasadores-2-asas-muelle-1-3o-1-5o-1-8o","8":"product_tag-disponible-para-profesionales","9":"tag-disponible-para-profesionales","12":"first","13":"instock","14":"taxable","15":"shipping-taxable","16":"product-type-simple"},"yoast_head":"<!-- This site is optimized with the Yoast SEO plugin v25.6 - https:\/\/yoast.com\/wordpress\/plugins\/seo\/ -->\n<title>Pasadores 2 Asas 1.30 6Mm - Noropal<\/title>\n<meta name=\"robots\" content=\"index, follow, max-snippet:-1, max-image-preview:large, max-video-preview:-1\" \/>\n<link rel=\"canonical\" href=\"https:\/\/noropal.es\/home\/producto\/pasadores-2-asas-1-3\u221ao-6mm\/\" \/>\n<meta property=\"og:locale\" content=\"es_ES\" \/>\n<meta property=\"og:type\" content=\"article\" \/>\n<meta property=\"og:title\" content=\"Pasadores 2 Asas 1.30 6Mm - Noropal\" \/>\n<meta property=\"og:description\" content=\"630-130-06\" \/>\n<meta property=\"og:url\" content=\"https:\/\/noropal.es\/home\/producto\/pasadores-2-asas-1-3\u221ao-6mm\/\" \/>\n<meta property=\"og:site_name\" content=\"Noropal\" \/>\n<meta property=\"article:modified_time\" content=\"2026-05-10T21:10:48+00:00\" \/>\n<meta property=\"og:image\" content=\"http:\/\/noropal.es\/wp-content\/uploads\/2024\/07\/pasadores-2-asas-13o-6mm.jpg\" \/>\n\t<meta property=\"og:image:width\" content=\"852\" \/>\n\t<meta property=\"og:image:height\" content=\"362\" \/>\n\t<meta property=\"og:image:type\" content=\"image\/jpeg\" \/>\n<meta name=\"twitter:card\" content=\"summary_large_image\" \/>\n<meta name=\"twitter:label1\" content=\"Tiempo de lectura\" \/>\n\t<meta name=\"twitter:data1\" content=\"1 minuto\" \/>\n<script type=\"application\/ld+json\" class=\"yoast-schema-graph\">{\"@context\":\"https:\/\/schema.org\",\"@graph\":[{\"@type\":\"WebPage\",\"@id\":\"https:\/\/noropal.es\/home\/producto\/pasadores-2-asas-1-3%e2%88%9ao-6mm\/\",\"url\":\"https:\/\/noropal.es\/home\/producto\/pasadores-2-asas-1-3%e2%88%9ao-6mm\/\",\"name\":\"Pasadores 2 Asas 1.30 6Mm - Noropal\",\"isPartOf\":{\"@id\":\"https:\/\/noropal.es\/home\/#website\"},\"primaryImageOfPage\":{\"@id\":\"https:\/\/noropal.es\/home\/producto\/pasadores-2-asas-1-3%e2%88%9ao-6mm\/#primaryimage\"},\"image\":{\"@id\":\"https:\/\/noropal.es\/home\/producto\/pasadores-2-asas-1-3%e2%88%9ao-6mm\/#primaryimage\"},\"thumbnailUrl\":\"https:\/\/noropal.es\/wp-content\/uploads\/2024\/07\/pasadores-2-asas-13o-6mm.jpg\",\"datePublished\":\"2024-09-26T07:31:02+00:00\",\"dateModified\":\"2026-05-10T21:10:48+00:00\",\"breadcrumb\":{\"@id\":\"https:\/\/noropal.es\/home\/producto\/pasadores-2-asas-1-3%e2%88%9ao-6mm\/#breadcrumb\"},\"inLanguage\":\"es\",\"potentialAction\":[{\"@type\":\"ReadAction\",\"target\":[\"https:\/\/noropal.es\/home\/producto\/pasadores-2-asas-1-3%e2%88%9ao-6mm\/\"]}]},{\"@type\":\"ImageObject\",\"inLanguage\":\"es\",\"@id\":\"https:\/\/noropal.es\/home\/producto\/pasadores-2-asas-1-3%e2%88%9ao-6mm\/#primaryimage\",\"url\":\"https:\/\/noropal.es\/wp-content\/uploads\/2024\/07\/pasadores-2-asas-13o-6mm.jpg\",\"contentUrl\":\"https:\/\/noropal.es\/wp-content\/uploads\/2024\/07\/pasadores-2-asas-13o-6mm.jpg\",\"width\":852,\"height\":362},{\"@type\":\"BreadcrumbList\",\"@id\":\"https:\/\/noropal.es\/home\/producto\/pasadores-2-asas-1-3%e2%88%9ao-6mm\/#breadcrumb\",\"itemListElement\":[{\"@type\":\"ListItem\",\"position\":1,\"name\":\"Portada\",\"item\":\"https:\/\/noropal.es\/home\/\"},{\"@type\":\"ListItem\",\"position\":2,\"name\":\"Productos\",\"item\":\"https:\/\/noropal.es\/home\/?post_type=product\"},{\"@type\":\"ListItem\",\"position\":3,\"name\":\"Pasadores 2 Asas 1.30 6Mm\"}]},{\"@type\":\"WebSite\",\"@id\":\"https:\/\/noropal.es\/home\/#website\",\"url\":\"https:\/\/noropal.es\/home\/\",\"name\":\"Noropal\",\"description\":\"Descubre accesorios y recambios de alta calidad para relojes en Palencia. Atendemos a joyer\u00edas y clientes individuales, con env\u00edo r\u00e1pido.\",\"publisher\":{\"@id\":\"https:\/\/noropal.es\/home\/#organization\"},\"potentialAction\":[{\"@type\":\"SearchAction\",\"target\":{\"@type\":\"EntryPoint\",\"urlTemplate\":\"https:\/\/noropal.es\/home\/?s={search_term_string}\"},\"query-input\":{\"@type\":\"PropertyValueSpecification\",\"valueRequired\":true,\"valueName\":\"search_term_string\"}}],\"inLanguage\":\"es\"},{\"@type\":\"Organization\",\"@id\":\"https:\/\/noropal.es\/home\/#organization\",\"name\":\"Noropal\",\"url\":\"https:\/\/noropal.es\/home\/\",\"logo\":{\"@type\":\"ImageObject\",\"inLanguage\":\"es\",\"@id\":\"https:\/\/noropal.es\/home\/#\/schema\/logo\/image\/\",\"url\":\"https:\/\/noropal.es\/wp-content\/uploads\/2024\/07\/Noropal-removebg-preview-e1721900256892.png\",\"contentUrl\":\"https:\/\/noropal.es\/wp-content\/uploads\/2024\/07\/Noropal-removebg-preview-e1721900256892.png\",\"width\":500,\"height\":71,\"caption\":\"Noropal\"},\"image\":{\"@id\":\"https:\/\/noropal.es\/home\/#\/schema\/logo\/image\/\"}}]}<\/script>\n<!-- \/ Yoast SEO plugin. -->","yoast_head_json":{"title":"Pasadores 2 Asas 1.30 6Mm - Noropal","robots":{"index":"index","follow":"follow","max-snippet":"max-snippet:-1","max-image-preview":"max-image-preview:large","max-video-preview":"max-video-preview:-1"},"canonical":"https:\/\/noropal.es\/home\/producto\/pasadores-2-asas-1-3\u221ao-6mm\/","og_locale":"es_ES","og_type":"article","og_title":"Pasadores 2 Asas 1.30 6Mm - Noropal","og_description":"630-130-06","og_url":"https:\/\/noropal.es\/home\/producto\/pasadores-2-asas-1-3\u221ao-6mm\/","og_site_name":"Noropal","article_modified_time":"2026-05-10T21:10:48+00:00","og_image":[{"width":852,"height":362,"url":"http:\/\/noropal.es\/wp-content\/uploads\/2024\/07\/pasadores-2-asas-13o-6mm.jpg","type":"image\/jpeg"}],"twitter_card":"summary_large_image","twitter_misc":{"Tiempo de lectura":"1 minuto"},"schema":{"@context":"https:\/\/schema.org","@graph":[{"@type":"WebPage","@id":"https:\/\/noropal.es\/home\/producto\/pasadores-2-asas-1-3%e2%88%9ao-6mm\/","url":"https:\/\/noropal.es\/home\/producto\/pasadores-2-asas-1-3%e2%88%9ao-6mm\/","name":"Pasadores 2 Asas 1.30 6Mm - Noropal","isPartOf":{"@id":"https:\/\/noropal.es\/home\/#website"},"primaryImageOfPage":{"@id":"https:\/\/noropal.es\/home\/producto\/pasadores-2-asas-1-3%e2%88%9ao-6mm\/#primaryimage"},"image":{"@id":"https:\/\/noropal.es\/home\/producto\/pasadores-2-asas-1-3%e2%88%9ao-6mm\/#primaryimage"},"thumbnailUrl":"https:\/\/noropal.es\/wp-content\/uploads\/2024\/07\/pasadores-2-asas-13o-6mm.jpg","datePublished":"2024-09-26T07:31:02+00:00","dateModified":"2026-05-10T21:10:48+00:00","breadcrumb":{"@id":"https:\/\/noropal.es\/home\/producto\/pasadores-2-asas-1-3%e2%88%9ao-6mm\/#breadcrumb"},"inLanguage":"es","potentialAction":[{"@type":"ReadAction","target":["https:\/\/noropal.es\/home\/producto\/pasadores-2-asas-1-3%e2%88%9ao-6mm\/"]}]},{"@type":"ImageObject","inLanguage":"es","@id":"https:\/\/noropal.es\/home\/producto\/pasadores-2-asas-1-3%e2%88%9ao-6mm\/#primaryimage","url":"https:\/\/noropal.es\/wp-content\/uploads\/2024\/07\/pasadores-2-asas-13o-6mm.jpg","contentUrl":"https:\/\/noropal.es\/wp-content\/uploads\/2024\/07\/pasadores-2-asas-13o-6mm.jpg","width":852,"height":362},{"@type":"BreadcrumbList","@id":"https:\/\/noropal.es\/home\/producto\/pasadores-2-asas-1-3%e2%88%9ao-6mm\/#breadcrumb","itemListElement":[{"@type":"ListItem","position":1,"name":"Portada","item":"https:\/\/noropal.es\/home\/"},{"@type":"ListItem","position":2,"name":"Productos","item":"https:\/\/noropal.es\/home\/?post_type=product"},{"@type":"ListItem","position":3,"name":"Pasadores 2 Asas 1.30 6Mm"}]},{"@type":"WebSite","@id":"https:\/\/noropal.es\/home\/#website","url":"https:\/\/noropal.es\/home\/","name":"Noropal","description":"Descubre accesorios y recambios de alta calidad para relojes en Palencia. Atendemos a joyer\u00edas y clientes individuales, con env\u00edo r\u00e1pido.","publisher":{"@id":"https:\/\/noropal.es\/home\/#organization"},"potentialAction":[{"@type":"SearchAction","target":{"@type":"EntryPoint","urlTemplate":"https:\/\/noropal.es\/home\/?s={search_term_string}"},"query-input":{"@type":"PropertyValueSpecification","valueRequired":true,"valueName":"search_term_string"}}],"inLanguage":"es"},{"@type":"Organization","@id":"https:\/\/noropal.es\/home\/#organization","name":"Noropal","url":"https:\/\/noropal.es\/home\/","logo":{"@type":"ImageObject","inLanguage":"es","@id":"https:\/\/noropal.es\/home\/#\/schema\/logo\/image\/","url":"https:\/\/noropal.es\/wp-content\/uploads\/2024\/07\/Noropal-removebg-preview-e1721900256892.png","contentUrl":"https:\/\/noropal.es\/wp-content\/uploads\/2024\/07\/Noropal-removebg-preview-e1721900256892.png","width":500,"height":71,"caption":"Noropal"},"image":{"@id":"https:\/\/noropal.es\/home\/#\/schema\/logo\/image\/"}}]}},"tiered_pricing_type":"fixed","tiered_pricing_fixed_rules":[],"tiered_pricing_product_settings":{"layout":"default","base_unit_name":{"singular":null,"plural":null},"default_variation":null},"tiered_pricing_minimum_quantity":null,"tiered_pricing_roles_data":{"profesional":{"product_id":7100,"role":"profesional","pricing_type":"flat","regular_price":0.17,"sale_price":null,"discount":null,"discount_type":"sale_price","tiered_pricing_type":"fixed","percentage_rules":[],"fixed_rules":{"100":"0.13"},"minimum":12},"mayorista":{"product_id":7100,"role":"mayorista","pricing_type":"flat","regular_price":0.09,"sale_price":null,"discount":null,"discount_type":"sale_price","tiered_pricing_type":"fixed","percentage_rules":[],"fixed_rules":{"100":"0.08"},"minimum":12}},"tiered_pricing_percentage_rules":[],"tiered_pricing_maximum_quantity":null,"tiered_pricing_quantity_step":null,"_links":{"self":[{"href":"https:\/\/noropal.es\/home\/wp-json\/wp\/v2\/product\/7100","targetHints":{"allow":["GET"]}}],"collection":[{"href":"https:\/\/noropal.es\/home\/wp-json\/wp\/v2\/product"}],"about":[{"href":"https:\/\/noropal.es\/home\/wp-json\/wp\/v2\/types\/product"}],"wp:featuredmedia":[{"embeddable":true,"href":"https:\/\/noropal.es\/home\/wp-json\/wp\/v2\/media\/7101"}],"wp:attachment":[{"href":"https:\/\/noropal.es\/home\/wp-json\/wp\/v2\/media?parent=7100"}],"wp:term":[{"taxonomy":"product_brand","embeddable":true,"href":"https:\/\/noropal.es\/home\/wp-json\/wp\/v2\/product_brand?post=7100"},{"taxonomy":"product_cat","embeddable":true,"href":"https:\/\/noropal.es\/home\/wp-json\/wp\/v2\/product_cat?post=7100"},{"taxonomy":"product_tag","embeddable":true,"href":"https:\/\/noropal.es\/home\/wp-json\/wp\/v2\/product_tag?post=7100"}],"curies":[{"name":"wp","href":"https:\/\/api.w.org\/{rel}","templated":true}]}}